e 12) to base 13.
-a1
203 (base 5) to base 2
110101
What is 2 (base 8) in base 12?
2
Convert -55 (base 14) to base 9.
-83
Convert -16 (base 7) to base 16.
-d
Convert 1 (base 3) to base 11.
1
What is -110120 (base 3) in base 16?
-153
Convert 8 (base 13) to base 12.
8
Convert -230 (base 5) to base 2.
-1000001
Convert 1 (base 4) to base 12.
1
What is 106 (base 12) in base 8?
226
355 (base 7) to base 14
d5
Convert 3 (base 8) to base 2.
11
Convert -1 (base 9) to base 16.
-1
Convert 20a (base 13) to base 16.
15c
What is -5 (base 10) in base 14?
-5
-2 (base 14) to base 2
-10
61 (base 14) to base 13
67
-2 (base 16) to base 9
-2
What is -44 (base 11) in base 9?
-53
5 (base 13) to base 7
5
What is -1 (base 7) in base 13?
-1
2 (base 3) to base 6
2
What is -3 (base 6) in base 13?
-3
What is -ac (base 13) in base 7?
-262
Convert -c (base 14) to base 11.
-11
What is b (base 12) in base 4?
23
Convert 38 (base 9) to base 6.
55
Convert 2 (base 16) to base 2.
10
What is 5 (base 16) in base 2?
101
What is 49 (base 12) in base 7?
111
Convert 211 (base 4) to base 11.
34
Convert -16 (base 8) to base 5.
-24
What is 3 (base 11) in base 2?
11
-3 (base 14) to base 2
-11
Convert 5 (base 10) to base 2.
101
Convert -10 (base 3) to base 13.
-3
Convert -13 (base 12) to base 16.
-f
What is 2 (base 10) in base 2?
10
1 (base 7) to base 6
1
Convert -2120 (base 3) to base 4.
-1011
-5b (base 14) to base 7
-144
Convert 21 (base 7) to base 2.
1111
What is -111 (base 3) in base 15?
-d
What is 0 (base 6) in base 2?
0
19 (base 10) to base 13
16
0 (base 11) to base 9
0
What is -1 (base 2) in base 13?
-1
Convert -10 (base 4) to base 14.
-4
What is -1c (base 16) in base 6?
-44
Convert -4 (base 9) to base 2.
-100
What is -2 (base 7) in base 8?
-2
431 (base 5) to base 14
84
41 (base 5) to base 7
30
Convert 0 (base 6) to base 16.
0
What is -32 (base 5) in base 14?
-13
What is 2 (base 7) in base 11?
2
-312 (base 7) to base 10
-156
Convert -2233 (base 4) to base 11.
-14a
What is 4 (base 13) in base 11?
4
Convert -12 (base 9) to base 5.
-21
Convert -1000 (base 2) to base 15.
-8
What is 169 (base 14) in base 2?
100100001
-6 (base 12) to base 14
-6
Convert -111 (base 6) to base 8.
-53
5 (base 11) to base 10
5
Convert 3 (base 8) to base 14.
3
Convert -10 (base 2) to base 4.
-2
What is 4 (base 6) in base 8?
4
Convert 6 (base 11) to base 6.
10
Convert 3 (base 16) to base 11.
3
Convert -8 (base 16) to base 5.
-13
-101 (base 3) to base 9
-11
80 (base 15) to base 2
1111000
Convert -21 (base 6) to base 3.
-111
What is 13 (base 5) in base 16?
8
-13 (base 16) to base 9
-21
302 (base 4) to base 2
110010
What is 2 (base 13) in base 10?
2
Convert -1100 (base 2) to base 10.
-12
What is 100 (base 5) in base 7?
34
Convert -4 (base 13) to base 15.
-4
-10012 (base 4) to base 6
-1114
1a (base 11) to base 13
18
What is -cc (base 15) in base 7?
-363
9 (base 13) to base 12
9
What is 12c (base 16) in base 3?
102010
What is 8 (base 11) in base 6?
12
-2 (base 3) to base 13
-2
-99 (base 14) to base 3
-12000
What is -12 (base 3) in base 15?
-5
What is 24 (base 16) in base 10?
36
Convert 164 (base 11) to base 6.
515
-27 (base 9) to base 3
-221
What is 2b (base 16) in base 13?
34
1011100 (base 2) to base 9
112
Convert -2 (base 12) to base 7.
-2
-69 (base 11) to base 5
-300
24 (base 13) to base 14
22
Convert 2 (base 16) to base 3.
2
What is -1b (base 12) in base 16?
-17
Convert -213 (base 9) to base 3.
-20110
Convert 10003 (base 4) to base 11.
216
-16 (base 12) to base 14
-14
114 (base 5) to base 14
26
Convert 66 (base 8) to base 13.
42
What is 40 (base 6) in base 4?
120
What is -13 (base 8) in base 2?
-1011
1 (base 7) to base 2
1
1011001 (base 2) to base 9
108
-16c (base 13) to base 7
-520
What is -3 (base 12) in base 14?
-3
Convert -c (base 13) to base 8.
-14
100 (base 2) to base 14
4
Convert -2 (base 9) to base 16.
-2
Convert 169 (base 13) to base 15.
121
What is -7c (base 16) in base 6?
-324
Convert 22 (base 13) to base 8.
34
What is -1 (base 11) in base 16?
-1
1 (base 5) to base 12
1
6 (base 10) to base 16
6
What is 143 (base 5) in base 4?
300
What is 1 (base 2) in base 4?
1
What is 125 (base 10) in base 16?
7d
What is 1100 (base 3) in base 8?
44
-15 (base 9) to base 3
-112
What is -30 (base 11) in base 9?
-36
What is 261 (base 8) in base 13?
108
Convert 20 (base 10) to base 11.
19
111 (base 2) to base 7
10
What is -4 (base 10) in base 4?
-10
What is 202 (base 3) in base 2?
10100
11 (base 7) to base 6
12
What is -12210 (base 3) in base 16?
-9c
What is 101 (base 3) in base 10?
10
5 (base 6) to base 13
5
11110 (base 2) to base 13
24
Convert 131 (base 4) to base 9.
32
3 (base 14) to base 12
3
Convert -23a (base 11) to base 6.
-1153
20 (base 8) to base 4
100
Convert 103 (base 9) to base 12.
70
Convert 0 (base 14) to base 15.
0
What is 40 (base 10) in base 16?
28
-3 (base 15) to base 4
-3
What is -140 (base 10) in base 4?
-2030
What is 0 (base 7) in base 13?
0
-44 (base 8) to base 9
-40
What is -1 (base 13) in base 3?
-1
What is 91 (base 15) in base 3?
12001
-100 (base 3) to base 16
-9
Convert -111 (base 2) to base 8.
-7
What is -9 (base 12) in base 7?
-12
-1111 (base 2) to base 14
-11
Convert 10110 (base 2) to base 3.
211
Convert 31 (base 7) to base 3.
211
Convert -1 (base 6) to base 13.
-1
What is -102 (base 3) in base 9?
-12
4 (base 7) to base 5
4
Convert 11 (base 4) to base 11.
5
-4 (base 10) to base 9
-4
What is 5 (base 9) in base 12?
5
246 (base 9) to base 14
108
What is -234 (base 5) in base 14?
-4d
Convert -2 (base 8) to base 16.
-2
What is -1 (base 3) in base 6?
-1
What is 2 (base 5) in base 3?
2
What is 14 (base 6) in base 5?
20
-19 (base 13) to base 14
-18
106 (base 13) to base 12
127
-15 (base 11) to base 7
-22
What is 65 (base 11) in base 5?
241
Convert -2030 (base 5) to base 14.
-14d
What is 22 (base 8) in base 9?
20
What is -12 (base 5) in base 14?
-7
What is -2 (base 6) in base 3?
-2
Convert 5 (base 11) to base 12.
5
-115 (base 14) to base 7
-425
Convert -2 (base 15) to base 9.
-2
Convert 5 (base 8) to base 14.
5
110 (base 2) to base 3
20
Convert -5c (base 14) to base 6.
-214
403 (base 5) to base 6
251
What is 5 (base 6) in base 12?
5
Convert -1d (base 16) to base 10.
-29
-11011 (base 2) to base 11
-25
Convert -1b (base 13) to base 8.
-30
-35 (base 11) to base 5
-123
Convert 11 (base 11) to base 13.
c
Convert 96 (base 11) to base 13.
81
Convert 140 (base 6) to base 8.
74
Convert 13 (base 9) to base 6.
20
9 (base 12) to base 7
12
Convert -1111100 (base 2) to base 5.
-444
1a (base 16) to base 2
11010
What is -e (base 16) in base 6?
-22
What is 2 (base 5) in base 9?
2
1 (base 15) to base 2
1
What is -b (base 13) in base 2?
-1011
What is 23 (base 13) in base 16?
1d
11 (base 13) to base 6
22
Convert 9 (base 14) to base 13.
9
-9 (base 10) to base 5
-14
What is 10111 (base 2) in base 9?
25
What is -114 (base 8) in base 5?
-301
What is -12 (base 7) in base 10?
-9
Convert 2 (base 15) to base 6.
2
-12 (base 8) to base 15
-a
What is 403 (base 5) in base 14?
75
7 (base 16) to base 15
7
Convert -56 (base 11) to base 2.
-111101
Convert 1 (base 4) to base 13.
1
101 (base 3) to base 2
1010
Convert 56 (base 8) to base 7.
64
Convert 23 (base 7) to base 11.
16
Convert -5 (base 12) to base 14.
-5
What is -2 (base 12) in base 11?
-2
Convert -1443 (base 5) to base 15.
-118
What is -213 (base 10) in base 14?
-113
3b (base 15) to base 10
56
What is 14 (base 12) in base 7?
22
What is -2 (base 16) in base 2?
-10
Convert -2 (base 13) to base 14.
-2
What is -3 (base 6) in base 9?
-3
Convert 1011001 (base 2) to base 7.
155
Convert 1 (base 2) to base 7.
1
-1 (base 5) to base 10
-1
What is -30 (base 9) in base 15?
-1c
-3 (base 8) to base 2
-11
Convert 4 (base 7) to base 14.
4
Convert 10 (base 5) to base 4.
11
-20 (base 4) to base 6
-12
Convert 42 (base 5) to base 6.
34
Convert -122 (base 5) to base 14.
-29
What is -5 (base 8) in base 6?
-5
Convert 28 (base 14) to base 16.
24
Convert -2 (base 14) to base 11.
-2
26 (base 14) to base 8
42
What is -16 (base 11) in base 15?
-12
Convert 141 (base 8) to base 4.
1201
Convert -ae (base 16) to base 6.
-450
What is af (base 16) in base 2?
10101111
Convert 4 (base 5) to base 10.
4
-1 (base 7) to base 15
-1
Convert 21 (base 8) to base 14.
13
-6 (base 8) to base 16
-6
What is -6 (base 8) in base 1